{"id":265,"date":"2016-01-05T14:50:00","date_gmt":"2016-01-05T13:50:00","guid":{"rendered":"http:\/\/mediatronic.de\/2.0\/?page_id=265"},"modified":"2016-01-05T16:19:59","modified_gmt":"2016-01-05T15:19:59","slug":"smart-home","status":"publish","type":"page","link":"https:\/\/www.mediatronic.de\/2.0\/smart-home\/","title":{"rendered":"Smart Home"},"content":{"rendered":"<p style=\"text-align: center;\"><img loading=\"lazy\" decoding=\"async\" class=\"aligncenter size-large wp-image-268\" src=\"https:\/\/www.mediatronic.de\/2.0\/wp-content\/uploads\/2016\/01\/SmartHome-Grafik-1024x614.png\" alt=\"SmartHome-Grafik\" width=\"960\" height=\"576\" srcset=\"https:\/\/www.mediatronic.de\/2.0\/wp-content\/uploads\/2016\/01\/SmartHome-Grafik-1024x614.png 1024w, https:\/\/www.mediatronic.de\/2.0\/wp-content\/uploads\/2016\/01\/SmartHome-Grafik-300x180.png 300w, https:\/\/www.mediatronic.de\/2.0\/wp-content\/uploads\/2016\/01\/SmartHome-Grafik-768x461.png 768w\" sizes=\"auto, (max-width: 960px) 100vw, 960px\" \/><\/p>\n<p style=\"text-align: left;\">Smart Home b\u00fcndelt die wichtigsten Themenbereiche des vernetzten Zuhauses:<\/p>\n<ul>\n<li style=\"text-align: left;\">Komfort<\/li>\n<li style=\"text-align: left;\">Energie Sparen<\/li>\n<li style=\"text-align: left;\">Sicherheit<\/li>\n<\/ul>\n<p>zu einer leistungsf\u00e4higen und erweiterbaren Steuerungszentrale f\u00fcr Ihr Haus oder Ihre Wohnung, welche sich dank Funktechnik auch in Mietwohnungen nutzten und jederzeit wieder entfernen lassen.<\/p>\n<p>Wer ein neues Haus plant, entscheidet sich in der Regel f\u00fcr einen Festeinbau von Geb\u00e4udeleittechnik.<br \/>Eine\u00a0zus\u00e4tzliche\u00a0Ader im Stromnetz reicht in der Regel schon aus, um von Steckdosen und Beleuchtung bis zu Bel\u00fcftung und Rolll\u00e4den mit intelligenten Modulen steuern zu k\u00f6nnen.<\/p>\n<p>Informieren Sie sich bei uns \u00fcber passende L\u00f6sungen f\u00fcr Ihr Projekt.<\/p>\n<p>&nbsp;<\/p>\n\n\t\t<style type=\"text\/css\">\n\t\t\t#gallery-1 {\n\t\t\t\tmargin: auto;\n\t\t\t}\n\t\t\t#gallery-1 .gallery-item {\n\t\t\t\tfloat: left;\n\t\t\t\tmargin-top: 10px;\n\t\t\t\ttext-align: center;\n\t\t\t\twidth: 16%;\n\t\t\t}\n\t\t\t#gallery-1 img {\n\t\t\t\tborder: 2px solid #cfcfcf;\n\t\t\t}\n\t\t\t#gallery-1 .gallery-caption {\n\t\t\t\tmargin-left: 0;\n\t\t\t}\n\t\t\t\/* see gallery_shortcode() in wp-includes\/media.php *\/\n\t\t<\/style>\n\t\t<div id='gallery-1' class='gallery galleryid-265 gallery-columns-6 gallery-size-full'><dl class='gallery-item'>\n\t\t\t<dt class='gallery-icon landscape'>\n\t\t\t\t<img loading=\"lazy\" decoding=\"async\" width=\"227\" height=\"127\" src=\"https:\/\/www.mediatronic.de\/2.0\/wp-content\/uploads\/2016\/01\/lcn-logo.png\" class=\"attachment-full size-full\" alt=\"\" aria-describedby=\"gallery-1-274\" srcset=\"https:\/\/www.mediatronic.de\/2.0\/wp-content\/uploads\/2016\/01\/lcn-logo.png 227w, https:\/\/www.mediatronic.de\/2.0\/wp-content\/uploads\/2016\/01\/lcn-logo-225x127.png 225w\" sizes=\"auto, (max-width: 227px) 100vw, 227px\" \/>\n\t\t\t<\/dt>\n\t\t\t\t<dd class='wp-caption-text gallery-caption' id='gallery-1-274'>\n\t\t\t\tLCN\n\t\t\t\t<\/dd><\/dl><dl class='gallery-item'>\n\t\t\t<dt class='gallery-icon landscape'>\n\t\t\t\t<img loading=\"lazy\" decoding=\"async\" width=\"1069\" height=\"510\" src=\"https:\/\/www.mediatronic.de\/2.0\/wp-content\/uploads\/2016\/01\/KNX_logo.svg_.png\" class=\"attachment-full size-full\" alt=\"\" aria-describedby=\"gallery-1-273\" srcset=\"https:\/\/www.mediatronic.de\/2.0\/wp-content\/uploads\/2016\/01\/KNX_logo.svg_.png 1069w, https:\/\/www.mediatronic.de\/2.0\/wp-content\/uploads\/2016\/01\/KNX_logo.svg_-300x143.png 300w, https:\/\/www.mediatronic.de\/2.0\/wp-content\/uploads\/2016\/01\/KNX_logo.svg_-768x366.png 768w, https:\/\/www.mediatronic.de\/2.0\/wp-content\/uploads\/2016\/01\/KNX_logo.svg_-1024x489.png 1024w\" sizes=\"auto, (max-width: 1069px) 100vw, 1069px\" \/>\n\t\t\t<\/dt>\n\t\t\t\t<dd class='wp-caption-text gallery-caption' id='gallery-1-273'>\n\t\t\t\tKNX\n\t\t\t\t<\/dd><\/dl><dl class='gallery-item'>\n\t\t\t<dt class='gallery-icon landscape'>\n\t\t\t\t<img loading=\"lazy\" decoding=\"async\" width=\"180\" height=\"112\" src=\"https:\/\/www.mediatronic.de\/2.0\/wp-content\/uploads\/2016\/01\/enocean-logo.jpg\" class=\"attachment-full size-full\" alt=\"\" aria-describedby=\"gallery-1-271\" \/>\n\t\t\t<\/dt>\n\t\t\t\t<dd class='wp-caption-text gallery-caption' id='gallery-1-271'>\n\t\t\t\tEnocean\n\t\t\t\t<\/dd><\/dl><dl class='gallery-item'>\n\t\t\t<dt class='gallery-icon landscape'>\n\t\t\t\t<img loading=\"lazy\" decoding=\"async\" width=\"224\" height=\"51\" src=\"https:\/\/www.mediatronic.de\/2.0\/wp-content\/uploads\/2016\/01\/ips-logo.png\" class=\"attachment-full size-full\" alt=\"\" aria-describedby=\"gallery-1-272\" \/>\n\t\t\t<\/dt>\n\t\t\t\t<dd class='wp-caption-text gallery-caption' id='gallery-1-272'>\n\t\t\t\tIPSymcon\n\t\t\t\t<\/dd><\/dl><dl class='gallery-item'>\n\t\t\t<dt class='gallery-icon landscape'>\n\t\t\t\t<img loading=\"lazy\" decoding=\"async\" width=\"439\" height=\"252\" src=\"https:\/\/www.mediatronic.de\/2.0\/wp-content\/uploads\/2016\/01\/AVM-Logo.png\" class=\"attachment-full size-full\" alt=\"\" aria-describedby=\"gallery-1-276\" srcset=\"https:\/\/www.mediatronic.de\/2.0\/wp-content\/uploads\/2016\/01\/AVM-Logo.png 439w, https:\/\/www.mediatronic.de\/2.0\/wp-content\/uploads\/2016\/01\/AVM-Logo-300x172.png 300w\" sizes=\"auto, (max-width: 439px) 100vw, 439px\" \/>\n\t\t\t<\/dt>\n\t\t\t\t<dd class='wp-caption-text gallery-caption' id='gallery-1-276'>\n\t\t\t\tAVM\n\t\t\t\t<\/dd><\/dl><dl class='gallery-item'>\n\t\t\t<dt class='gallery-icon landscape'>\n\t\t\t\t<img loading=\"lazy\" decoding=\"async\" width=\"289\" height=\"142\" src=\"https:\/\/www.mediatronic.de\/2.0\/wp-content\/uploads\/2016\/01\/Telekom_Logo_2013.svg_.png\" class=\"attachment-full size-full\" alt=\"\" aria-describedby=\"gallery-1-275\" \/>\n\t\t\t<\/dt>\n\t\t\t\t<dd class='wp-caption-text gallery-caption' id='gallery-1-275'>\n\t\t\t\tTelekom Smart Home\n\t\t\t\t<\/dd><\/dl><br style=\"clear: both\" \/>\n\t\t<\/div>\n\n","protected":false},"excerpt":{"rendered":"<p>Smart Home b\u00fcndelt die wichtigsten Themenbereiche des vernetzten Zuhauses: Komfort Energie Sparen Sicherheit zu einer leistungsf\u00e4higen und erweiterbaren Steuerungszentrale f\u00fcr Ihr Haus oder Ihre Wohnung, welche sich dank Funktechnik auch in Mietwohnungen nutzten und jederzeit wieder entfernen lassen. Wer ein neues Haus plant, entscheidet sich in der Regel f\u00fcr einen<\/p>\n","protected":false},"author":1,"featured_media":0,"parent":0,"menu_order":36,"comment_status":"closed","ping_status":"closed","template":"","meta":{"_monsterinsights_skip_tracking":false,"_monsterinsights_sitenote_active":false,"_monsterinsights_sitenote_note":"","_monsterinsights_sitenote_category":0,"jetpack_post_was_ever_published":false,"footnotes":""},"class_list":["post-265","page","type-page","status-publish","hentry"],"yoast_head":"<!-- This site is optimized with the Yoast SEO plugin v26.5 - https:\/\/yoast.com\/wordpress\/plugins\/seo\/ -->\n<title>Smart Home - MediaTronic<\/title>\n<meta name=\"robots\" content=\"index, follow, max-snippet:-1, max-image-preview:large, max-video-preview:-1\" \/>\n<link rel=\"canonical\" href=\"https:\/\/www.mediatronic.de\/2.0\/smart-home\/\" \/>\n<meta property=\"og:locale\" content=\"de_DE\" \/>\n<meta property=\"og:type\" content=\"article\" \/>\n<meta property=\"og:title\" content=\"Smart Home - MediaTronic\" \/>\n<meta property=\"og:description\" content=\"Smart Home b\u00fcndelt die wichtigsten Themenbereiche des vernetzten Zuhauses: Komfort Energie Sparen Sicherheit zu einer leistungsf\u00e4higen und erweiterbaren Steuerungszentrale f\u00fcr Ihr Haus oder Ihre Wohnung, welche sich dank Funktechnik auch in Mietwohnungen nutzten und jederzeit wieder entfernen lassen. Wer ein neues Haus plant, entscheidet sich in der Regel f\u00fcr einen\" \/>\n<meta property=\"og:url\" content=\"https:\/\/www.mediatronic.de\/2.0\/smart-home\/\" \/>\n<meta property=\"og:site_name\" content=\"MediaTronic\" \/>\n<meta property=\"article:publisher\" content=\"https:\/\/www.facebook.com\/Systemhaus.MediaTronic\" \/>\n<meta property=\"article:modified_time\" content=\"2016-01-05T15:19:59+00:00\" \/>\n<meta property=\"og:image\" content=\"https:\/\/www.mediatronic.de\/2.0\/wp-content\/uploads\/2016\/01\/lcn-logo.png\" \/>\n<meta name=\"twitter:label1\" content=\"Gesch\u00e4tzte Lesezeit\" \/>\n\t<meta name=\"twitter:data1\" content=\"1\u00a0Minute\" \/>\n<script type=\"application\/ld+json\" class=\"yoast-schema-graph\">{\"@context\":\"https:\/\/schema.org\",\"@graph\":[{\"@type\":\"WebPage\",\"@id\":\"https:\/\/www.mediatronic.de\/2.0\/smart-home\/\",\"url\":\"https:\/\/www.mediatronic.de\/2.0\/smart-home\/\",\"name\":\"Smart Home - MediaTronic\",\"isPartOf\":{\"@id\":\"https:\/\/www.mediatronic.de\/2.0\/#website\"},\"primaryImageOfPage\":{\"@id\":\"https:\/\/www.mediatronic.de\/2.0\/smart-home\/#primaryimage\"},\"image\":{\"@id\":\"https:\/\/www.mediatronic.de\/2.0\/smart-home\/#primaryimage\"},\"thumbnailUrl\":\"https:\/\/www.mediatronic.de\/2.0\/wp-content\/uploads\/2016\/01\/SmartHome-Grafik-1024x614.png\",\"datePublished\":\"2016-01-05T13:50:00+00:00\",\"dateModified\":\"2016-01-05T15:19:59+00:00\",\"breadcrumb\":{\"@id\":\"https:\/\/www.mediatronic.de\/2.0\/smart-home\/#breadcrumb\"},\"inLanguage\":\"de\",\"potentialAction\":[{\"@type\":\"ReadAction\",\"target\":[\"https:\/\/www.mediatronic.de\/2.0\/smart-home\/\"]}]},{\"@type\":\"ImageObject\",\"inLanguage\":\"de\",\"@id\":\"https:\/\/www.mediatronic.de\/2.0\/smart-home\/#primaryimage\",\"url\":\"https:\/\/www.mediatronic.de\/2.0\/wp-content\/uploads\/2016\/01\/SmartHome-Grafik.png\",\"contentUrl\":\"https:\/\/www.mediatronic.de\/2.0\/wp-content\/uploads\/2016\/01\/SmartHome-Grafik.png\",\"width\":2362,\"height\":1417},{\"@type\":\"BreadcrumbList\",\"@id\":\"https:\/\/www.mediatronic.de\/2.0\/smart-home\/#breadcrumb\",\"itemListElement\":[{\"@type\":\"ListItem\",\"position\":1,\"name\":\"Startseite\",\"item\":\"https:\/\/www.mediatronic.de\/2.0\/\"},{\"@type\":\"ListItem\",\"position\":2,\"name\":\"Smart Home\"}]},{\"@type\":\"WebSite\",\"@id\":\"https:\/\/www.mediatronic.de\/2.0\/#website\",\"url\":\"https:\/\/www.mediatronic.de\/2.0\/\",\"name\":\"MediaTronic\",\"description\":\"Das Systemhaus in Cottbus-Kolkwitz und Finsterwalde\",\"potentialAction\":[{\"@type\":\"SearchAction\",\"target\":{\"@type\":\"EntryPoint\",\"urlTemplate\":\"https:\/\/www.mediatronic.de\/2.0\/?s={search_term_string}\"},\"query-input\":{\"@type\":\"PropertyValueSpecification\",\"valueRequired\":true,\"valueName\":\"search_term_string\"}}],\"inLanguage\":\"de\"}]}<\/script>\n<!-- \/ Yoast SEO plugin. -->","yoast_head_json":{"title":"Smart Home - MediaTronic","robots":{"index":"index","follow":"follow","max-snippet":"max-snippet:-1","max-image-preview":"max-image-preview:large","max-video-preview":"max-video-preview:-1"},"canonical":"https:\/\/www.mediatronic.de\/2.0\/smart-home\/","og_locale":"de_DE","og_type":"article","og_title":"Smart Home - MediaTronic","og_description":"Smart Home b\u00fcndelt die wichtigsten Themenbereiche des vernetzten Zuhauses: Komfort Energie Sparen Sicherheit zu einer leistungsf\u00e4higen und erweiterbaren Steuerungszentrale f\u00fcr Ihr Haus oder Ihre Wohnung, welche sich dank Funktechnik auch in Mietwohnungen nutzten und jederzeit wieder entfernen lassen. Wer ein neues Haus plant, entscheidet sich in der Regel f\u00fcr einen","og_url":"https:\/\/www.mediatronic.de\/2.0\/smart-home\/","og_site_name":"MediaTronic","article_publisher":"https:\/\/www.facebook.com\/Systemhaus.MediaTronic","article_modified_time":"2016-01-05T15:19:59+00:00","og_image":[{"url":"https:\/\/www.mediatronic.de\/2.0\/wp-content\/uploads\/2016\/01\/lcn-logo.png","type":"","width":"","height":""}],"twitter_misc":{"Gesch\u00e4tzte Lesezeit":"1\u00a0Minute"},"schema":{"@context":"https:\/\/schema.org","@graph":[{"@type":"WebPage","@id":"https:\/\/www.mediatronic.de\/2.0\/smart-home\/","url":"https:\/\/www.mediatronic.de\/2.0\/smart-home\/","name":"Smart Home - MediaTronic","isPartOf":{"@id":"https:\/\/www.mediatronic.de\/2.0\/#website"},"primaryImageOfPage":{"@id":"https:\/\/www.mediatronic.de\/2.0\/smart-home\/#primaryimage"},"image":{"@id":"https:\/\/www.mediatronic.de\/2.0\/smart-home\/#primaryimage"},"thumbnailUrl":"https:\/\/www.mediatronic.de\/2.0\/wp-content\/uploads\/2016\/01\/SmartHome-Grafik-1024x614.png","datePublished":"2016-01-05T13:50:00+00:00","dateModified":"2016-01-05T15:19:59+00:00","breadcrumb":{"@id":"https:\/\/www.mediatronic.de\/2.0\/smart-home\/#breadcrumb"},"inLanguage":"de","potentialAction":[{"@type":"ReadAction","target":["https:\/\/www.mediatronic.de\/2.0\/smart-home\/"]}]},{"@type":"ImageObject","inLanguage":"de","@id":"https:\/\/www.mediatronic.de\/2.0\/smart-home\/#primaryimage","url":"https:\/\/www.mediatronic.de\/2.0\/wp-content\/uploads\/2016\/01\/SmartHome-Grafik.png","contentUrl":"https:\/\/www.mediatronic.de\/2.0\/wp-content\/uploads\/2016\/01\/SmartHome-Grafik.png","width":2362,"height":1417},{"@type":"BreadcrumbList","@id":"https:\/\/www.mediatronic.de\/2.0\/smart-home\/#breadcrumb","itemListElement":[{"@type":"ListItem","position":1,"name":"Startseite","item":"https:\/\/www.mediatronic.de\/2.0\/"},{"@type":"ListItem","position":2,"name":"Smart Home"}]},{"@type":"WebSite","@id":"https:\/\/www.mediatronic.de\/2.0\/#website","url":"https:\/\/www.mediatronic.de\/2.0\/","name":"MediaTronic","description":"Das Systemhaus in Cottbus-Kolkwitz und Finsterwalde","potentialAction":[{"@type":"SearchAction","target":{"@type":"EntryPoint","urlTemplate":"https:\/\/www.mediatronic.de\/2.0\/?s={search_term_string}"},"query-input":{"@type":"PropertyValueSpecification","valueRequired":true,"valueName":"search_term_string"}}],"inLanguage":"de"}]}},"jetpack_sharing_enabled":true,"jetpack_shortlink":"https:\/\/wp.me\/P5n3wk-4h","_links":{"self":[{"href":"https:\/\/www.mediatronic.de\/2.0\/wp-json\/wp\/v2\/pages\/265","targetHints":{"allow":["GET"]}}],"collection":[{"href":"https:\/\/www.mediatronic.de\/2.0\/wp-json\/wp\/v2\/pages"}],"about":[{"href":"https:\/\/www.mediatronic.de\/2.0\/wp-json\/wp\/v2\/types\/page"}],"author":[{"embeddable":true,"href":"https:\/\/www.mediatronic.de\/2.0\/wp-json\/wp\/v2\/users\/1"}],"replies":[{"embeddable":true,"href":"https:\/\/www.mediatronic.de\/2.0\/wp-json\/wp\/v2\/comments?post=265"}],"version-history":[{"count":5,"href":"https:\/\/www.mediatronic.de\/2.0\/wp-json\/wp\/v2\/pages\/265\/revisions"}],"predecessor-version":[{"id":277,"href":"https:\/\/www.mediatronic.de\/2.0\/wp-json\/wp\/v2\/pages\/265\/revisions\/277"}],"wp:attachment":[{"href":"https:\/\/www.mediatronic.de\/2.0\/wp-json\/wp\/v2\/media?parent=265"}],"curies":[{"name":"wp","href":"https:\/\/api.w.org\/{rel}","templated":true}]}}